{"id":197,"date":"2016-04-21T14:07:20","date_gmt":"2016-04-21T13:07:20","guid":{"rendered":"http:\/\/abetiquettes.fr\/index.php\/etiquette-tracabilite-code-barre-copy-3\/"},"modified":"2016-06-07T10:52:48","modified_gmt":"2016-06-07T09:52:48","slug":"etiquette-personnalisee","status":"publish","type":"page","link":"https:\/\/abetiquettes.fr\/index.php\/etiquette-personnalisee\/","title":{"rendered":"Etiquettes personnalis\u00e9es"},"content":{"rendered":"<div id=\"themify_builder_content-197\" data-postid=\"197\" class=\"themify_builder_content themify_builder_content-197 themify_builder\">\n\n    \t\n\t\t<!-- module_row -->\n\t\t\t<div  class=\"themify_builder_row module_row clearfix module_row_0 themify_builder_197_row module_row_197-0\">\n\t\t\t\t                                <div class=\"row_inner \" >\n\n                                    \n\t\t<div  class=\"tb-column col-full first module_column tb_197_column module_column_0 module_column_197-0-0\" >\n                                                                <div class=\"tb-column-inner\">\n                            \n\n<!-- module text -->\n<div  id=\"text-197-0-0-1\" class=\"module module-text text-197-0-0-1   \">\n    \n    <h1 style=\"text-align: center;\">Etiquettes\u00a0personnalis\u00e9es<\/h1><\/div>\n<!-- \/module text -->\n                        <\/div>\n                    \t\t<\/div>\n\t\t<!-- \/.tb-column -->\n\t\t\n\t\t\n                                <\/div>\n                                <!-- \/row_inner -->\n                        <\/div>\n                        <!-- \/module_row -->\n\t\t\t\n\t\t<!-- module_row -->\n\t\t\t<div  class=\"themify_builder_row module_row clearfix module_row_1 themify_builder_197_row module_row_197-1\">\n\t\t\t\t                                <div class=\"row_inner \" >\n\n                                    \n\t\t<div  class=\"tb-column col-full first module_column tb_197_column module_column_0 module_column_197-1-0\" >\n                                                                <div class=\"tb-column-inner\">\n                            \n\n<!-- module text -->\n<div  id=\"text-197-1-0-1\" class=\"module module-text text-197-1-0-1   \">\n    \n    <h2>Soignez votre image de marque avec des \u00e9tiquettes personnalis\u00e9es !<\/h2><p><img decoding=\"async\" loading=\"lazy\" class=\"alignright wp-image-214\" src=\"http:\/\/abetiquettes.fr\/wp-content\/uploads\/2016\/04\/abetiquettes-etiquette-personnalisee-300x300.jpg\" alt=\"\u00e9tiquettes personnalis\u00e9es\" width=\"250\" height=\"250\" srcset=\"https:\/\/abetiquettes.fr\/wp-content\/uploads\/2016\/04\/abetiquettes-etiquette-personnalisee-300x300.jpg 300w, https:\/\/abetiquettes.fr\/wp-content\/uploads\/2016\/04\/abetiquettes-etiquette-personnalisee-150x150.jpg 150w, https:\/\/abetiquettes.fr\/wp-content\/uploads\/2016\/04\/abetiquettes-etiquette-personnalisee-200x200.jpg 200w, https:\/\/abetiquettes.fr\/wp-content\/uploads\/2016\/04\/abetiquettes-etiquette-personnalisee-100x100.jpg 100w, https:\/\/abetiquettes.fr\/wp-content\/uploads\/2016\/04\/abetiquettes-etiquette-personnalisee.jpg 478w\" sizes=\"(max-width: 250px) 100vw, 250px\" \/>D\u00e9coupe de forme originale ou impression en couleur de votre logo, \u00a0<a href=\"http:\/\/www.abetiquettes.fr\">AB\u00e9tiquettes<\/a>\u00a0est \u00e0 vos c\u00f4t\u00e9s pour imprimer des \u00e9tiquettes personnalis\u00e9es qui apporteront le \u00ab\u00a0petit plus\u00a0\u00bb \u00e0 vos produits !<\/p><p>Cr\u00e9er une \u00e9tiquette personnalis\u00e9e, c&rsquo;est mettre en avant votre image de marque, vous diff\u00e9rencier de la concurrence, apporter une finition \u00e0 vos produits &#8230; Autant d&rsquo;arguments qui, vous le savez, font partie des cl\u00e9s pour bien communiquer. Et comme ces \u00e9tiquettes sont \u00e9galement performantes en termes de tra\u00e7abilit\u00e9, de r\u00e9sistance et de qualit\u00e9, pourquoi s&rsquo;en priver ?<\/p><p>\u00a0<\/p><p><strong>D\u00e9couvrez nos produits :<\/strong><\/p><\/div>\n<!-- \/module text -->\n\n\n    <!-- module accordion -->\n    <div  id=\"accordion-197-1-0-2\" class=\"module module-accordion accordion-197-1-0-2  \" data-behavior=\"toggle\">\n\n        \n        <ul class=\"ui module-accordion default   default\">\n                            <li >\n                    <div class=\"accordion-title\">\n                        <a href=\"#\">\n                                                                                    EN SAVOIR PLUS                        <\/a>\n                    <\/div>\n                    <div class=\"accordion-content clearfix  default-closed\">\n                        <p><a href=\"http:\/\/abetiquettes.fr\/index.php\/2016\/02\/03\/etiquettes-impression-personnalisee-gommettes\/\">Gommettes<\/a>, \u00e9tiquettes imprim\u00e9es en <a href=\"http:\/\/abetiquettes.fr\/index.php\/2016\/01\/22\/etiquettes-impression-personnalisee\/\">couleur <\/a>sur des supports de haute qualit\u00e9, avec, pourquoi pas, des caract\u00e9ristiques sp\u00e9cifiques &#8230; Tout est possible, nous pouvons m\u00eame vous fournir des \u00e9tiquettes correspondant pr\u00e9cis\u00e9ment \u00e0 vos besoins (forme, mati\u00e8re, r\u00e9sistance particuli\u00e8re &#8230;), que vous pourrez imprimer \u00e0 la demande dans vos locaux gr\u00e2ce \u00e0 l&rsquo;un de nos mod\u00e8les <a href=\"http:\/\/abetiquettes.fr\/index.php\/impression-etiquette-materiel\/\">d&rsquo;imprimantes <\/a>\u00a0sp\u00e9cifiques\u00a0!<\/p><p>AB\u00e9tiquettes vous invite \u00e9galement \u00e0 d\u00e9crire en d\u00e9tail votre projet gr\u00e2ce \u00e0 notre <a href=\"http:\/\/abetiquettes.fr\/index.php\/contact\/\">formulaire de devis d\u00e9taill\u00e9<\/a>, qui vous permettra de nous exposer votre projet selon vos besoins, afin que nous puissions vous \u00e9tablir un devis personnalis\u00e9 parfait pour vous.<\/p>                    <\/div>\n                <\/li>\n                    <\/ul>\n\n    <\/div>\n    <!-- \/module accordion -->\n\n                        <\/div>\n                    \t\t<\/div>\n\t\t<!-- \/.tb-column -->\n\t\t\n\t\t\n                                <\/div>\n                                <!-- \/row_inner -->\n                        <\/div>\n                        <!-- \/module_row -->\n\t\t<\/div>\n<!-- \/themify_builder_content -->","protected":false},"excerpt":{"rendered":"<p>Etiquettes\u00a0personnalis\u00e9es<\/p>\n","protected":false},"author":1,"featured_media":0,"parent":0,"menu_order":1,"comment_status":"closed","ping_status":"closed","template":"","meta":[],"_links":{"self":[{"href":"https:\/\/abetiquettes.fr\/index.php\/wp-json\/wp\/v2\/pages\/197"}],"collection":[{"href":"https:\/\/abetiquettes.fr\/index.php\/wp-json\/wp\/v2\/pages"}],"about":[{"href":"https:\/\/abetiquettes.fr\/index.php\/wp-json\/wp\/v2\/types\/page"}],"author":[{"embeddable":true,"href":"https:\/\/abetiquettes.fr\/index.php\/wp-json\/wp\/v2\/users\/1"}],"replies":[{"embeddable":true,"href":"https:\/\/abetiquettes.fr\/index.php\/wp-json\/wp\/v2\/comments?post=197"}],"version-history":[{"count":10,"href":"https:\/\/abetiquettes.fr\/index.php\/wp-json\/wp\/v2\/pages\/197\/revisions"}],"predecessor-version":[{"id":419,"href":"https:\/\/abetiquettes.fr\/index.php\/wp-json\/wp\/v2\/pages\/197\/revisions\/419"}],"wp:attachment":[{"href":"https:\/\/abetiquettes.fr\/index.php\/wp-json\/wp\/v2\/media?parent=197"}],"curies":[{"name":"wp","href":"https:\/\/api.w.org\/{rel}","templated":true}]}}