{"id":187,"date":"2016-04-21T13:34:24","date_gmt":"2016-04-21T12:34:24","guid":{"rendered":"http:\/\/abetiquettes.fr\/index.php\/etiquettes-techniques-copy\/"},"modified":"2016-06-24T10:28:50","modified_gmt":"2016-06-24T09:28:50","slug":"etiquettes-haute-resistance-homologuees","status":"publish","type":"page","link":"https:\/\/abetiquettes.fr\/index.php\/etiquettes-haute-resistance-homologuees\/","title":{"rendered":"\u00e9tiquettes haute r\u00e9sistance et homologu\u00e9es"},"content":{"rendered":"<div id=\"themify_builder_content-187\" data-postid=\"187\" class=\"themify_builder_content themify_builder_content-187 themify_builder\">\n\n    \t\n\t\t<!-- module_row -->\n\t\t\t<div  class=\"themify_builder_row module_row clearfix module_row_0 themify_builder_187_row module_row_187-0\">\n\t\t\t\t                                <div class=\"row_inner \" >\n\n                                    \n\t\t<div  class=\"tb-column col-full first module_column tb_187_column module_column_0 module_column_187-0-0\" >\n                                                                <div class=\"tb-column-inner\">\n                            \n\n<!-- module text -->\n<div  id=\"text-187-0-0-1\" class=\"module module-text text-187-0-0-1   \">\n    \n    <h1 style=\"text-align: center;\">Etiquettes haute r\u00e9sistance et homologu\u00e9es<\/h1><\/div>\n<!-- \/module text -->\n                        <\/div>\n                    \t\t<\/div>\n\t\t<!-- \/.tb-column -->\n\t\t\n\t\t\n                                <\/div>\n                                <!-- \/row_inner -->\n                        <\/div>\n                        <!-- \/module_row -->\n\t\t\t\n\t\t<!-- module_row -->\n\t\t\t<div  class=\"themify_builder_row module_row clearfix module_row_1 themify_builder_187_row module_row_187-1\">\n\t\t\t\t                                <div class=\"row_inner \" >\n\n                                    \n\t\t<div  class=\"tb-column col-full first module_column tb_187_column module_column_0 module_column_187-1-0\" >\n                                                                <div class=\"tb-column-inner\">\n                            \n\n<!-- module text -->\n<div  id=\"text-187-1-0-1\" class=\"module module-text text-187-1-0-1   \">\n    \n    <h2><img decoding=\"async\" loading=\"lazy\" class=\"alignright wp-image-430\" src=\"http:\/\/abetiquettes.fr\/wp-content\/uploads\/2016\/04\/thermometer-300x300.png\" alt=\"etiquettes haute resistance - ABetiquettes\" width=\"200\" height=\"200\" srcset=\"https:\/\/abetiquettes.fr\/wp-content\/uploads\/2016\/04\/thermometer-300x300.png 300w, https:\/\/abetiquettes.fr\/wp-content\/uploads\/2016\/04\/thermometer-150x150.png 150w, https:\/\/abetiquettes.fr\/wp-content\/uploads\/2016\/04\/thermometer.png 512w\" sizes=\"(max-width: 200px) 100vw, 200px\" \/>haute r\u00e9sistance au chaud, au froid ou encore \u00e0 l&rsquo;humidit\u00e9, vos produits ont besoin des meilleurs mat\u00e9riaux.<\/h2><p><a href=\"http:\/\/www.abetiquettes.fr\">AB\u00e9tiquettes<\/a>\u00a0vous\u00a0r\u00e9pond \u00e0 vos probl\u00e9matiques techniques, avec des \u00e9tiquettes haute r\u00e9sistance pour r\u00e9sister\u00a0\u00e0 des conditions extr\u00eames.<\/p><p>\u00a0<\/p><\/div>\n<!-- \/module text -->\n                        <\/div>\n                    \t\t<\/div>\n\t\t<!-- \/.tb-column -->\n\t\t\n\t\t\n                                <\/div>\n                                <!-- \/row_inner -->\n                        <\/div>\n                        <!-- \/module_row -->\n\t\t<\/div>\n<!-- \/themify_builder_content -->","protected":false},"excerpt":{"rendered":"<p>Etiquettes haute r\u00e9sistance et homologu\u00e9es<\/p>\n","protected":false},"author":1,"featured_media":0,"parent":0,"menu_order":5,"comment_status":"closed","ping_status":"closed","template":"","meta":[],"_links":{"self":[{"href":"https:\/\/abetiquettes.fr\/index.php\/wp-json\/wp\/v2\/pages\/187"}],"collection":[{"href":"https:\/\/abetiquettes.fr\/index.php\/wp-json\/wp\/v2\/pages"}],"about":[{"href":"https:\/\/abetiquettes.fr\/index.php\/wp-json\/wp\/v2\/types\/page"}],"author":[{"embeddable":true,"href":"https:\/\/abetiquettes.fr\/index.php\/wp-json\/wp\/v2\/users\/1"}],"replies":[{"embeddable":true,"href":"https:\/\/abetiquettes.fr\/index.php\/wp-json\/wp\/v2\/comments?post=187"}],"version-history":[{"count":5,"href":"https:\/\/abetiquettes.fr\/index.php\/wp-json\/wp\/v2\/pages\/187\/revisions"}],"predecessor-version":[{"id":432,"href":"https:\/\/abetiquettes.fr\/index.php\/wp-json\/wp\/v2\/pages\/187\/revisions\/432"}],"wp:attachment":[{"href":"https:\/\/abetiquettes.fr\/index.php\/wp-json\/wp\/v2\/media?parent=187"}],"curies":[{"name":"wp","href":"https:\/\/api.w.org\/{rel}","templated":true}]}}