{"id":174,"date":"2016-04-21T11:07:17","date_gmt":"2016-04-21T10:07:17","guid":{"rendered":"http:\/\/abetiquettes.fr\/index.php\/etiquette-tracabilite-code-barre-copy\/"},"modified":"2016-06-24T10:17:13","modified_gmt":"2016-06-24T09:17:13","slug":"etiquettes-techniques","status":"publish","type":"page","link":"https:\/\/abetiquettes.fr\/index.php\/etiquettes-techniques\/","title":{"rendered":"\u00e9tiquette technique &#038; s\u00e9curit\u00e9"},"content":{"rendered":"<div id=\"themify_builder_content-174\" data-postid=\"174\" class=\"themify_builder_content themify_builder_content-174 themify_builder\">\n\n    \t\n\t\t<!-- module_row -->\n\t\t\t<div  class=\"themify_builder_row module_row clearfix module_row_0 themify_builder_174_row module_row_174-0\">\n\t\t\t\t                                <div class=\"row_inner \" >\n\n                                    \n\t\t<div  class=\"tb-column col-full first module_column tb_174_column module_column_0 module_column_174-0-0\" >\n                                                                <div class=\"tb-column-inner\">\n                            \n\n<!-- module text -->\n<div  id=\"text-174-0-0-1\" class=\"module module-text text-174-0-0-1   \">\n    \n    <h1 style=\"text-align: center;\">Etiquettes techniques et \u00e9tiquettes de s\u00e9curit\u00e9<\/h1><\/div>\n<!-- \/module text -->\n                        <\/div>\n                    \t\t<\/div>\n\t\t<!-- \/.tb-column -->\n\t\t\n\t\t\n                                <\/div>\n                                <!-- \/row_inner -->\n                        <\/div>\n                        <!-- \/module_row -->\n\t\t\t\n\t\t<!-- module_row -->\n\t\t\t<div  class=\"themify_builder_row module_row clearfix module_row_1 themify_builder_174_row module_row_174-1\">\n\t\t\t\t                                <div class=\"row_inner \" >\n\n                                    \n\t\t<div  class=\"tb-column col-full first module_column tb_174_column module_column_0 module_column_174-1-0\" >\n                                                                <div class=\"tb-column-inner\">\n                            \n\n<!-- module text -->\n<div  id=\"text-174-1-0-1\" class=\"module module-text text-174-1-0-1   \">\n    \n    <h2>\u00a0<\/h2><h2><img decoding=\"async\" loading=\"lazy\" class=\"alignright wp-image-423\" src=\"http:\/\/abetiquettes.fr\/wp-content\/uploads\/2016\/04\/locked-300x300.png\" alt=\"Etiquettes techniques et de s\u00e9curit\u00e9 - ab\u00e9tiquettes\" width=\"250\" height=\"250\" srcset=\"https:\/\/abetiquettes.fr\/wp-content\/uploads\/2016\/04\/locked-300x300.png 300w, https:\/\/abetiquettes.fr\/wp-content\/uploads\/2016\/04\/locked-150x150.png 150w, https:\/\/abetiquettes.fr\/wp-content\/uploads\/2016\/04\/locked.png 512w\" sizes=\"(max-width: 250px) 100vw, 250px\" \/>Etiquettes d&rsquo;inviolabilit\u00e9, anti-vol ou anti-contrefa\u00e7on &#8230;<\/h2><p>Les \u00e9tiquettes techniques et de s\u00e9curit\u00e9 vous permettent de\u00a0prot\u00e9ger vos produits et de transmettre une image de fiabilit\u00e9 et de confiance \u00e0 vos clients. Tout cela en vous prot\u00e9geant des contrefa\u00e7ons, vols et autres d\u00e9sagr\u00e9ments.<\/p><p><a href=\"http:\/\/abetiquettes.fr\/\">AB\u00e9tiquettes <\/a>vous propose de nombreuses \u00e9tiquettes sp\u00e9cifiques, pour correspondre \u00e0 vos besoins : Etiquettes <a href=\"http:\/\/abetiquettes.fr\/index.php\/2016\/04\/07\/flexsecure\/\">Flexsecure<\/a>, <a href=\"http:\/\/abetiquettes.fr\/index.php\/2016\/04\/12\/antivol-void\/\">VOID<\/a>, <a href=\"http:\/\/abetiquettes.fr\/index.php\/2016\/03\/03\/etiquettes-antivol-rfid\/\">RFID <\/a>(antivol radiofr\u00e9quance) ou <a href=\"http:\/\/abetiquettes.fr\/index.php\/2016\/05\/03\/etiquettes-impression-aluminium-hq\/\">m\u00e9talliques<\/a>, vos contraintes de suivi et de fiabilit\u00e9 seront respect\u00e9es avec nos mat\u00e9riaux de qualit\u00e9.\u00a0<\/p><p>Vous avez besoin de respecter un cahier des charges pr\u00e9cis ? De prot\u00e9ger efficacement vos produits d&rsquo;\u00e9ventuelles d\u00e9gradations ?\u00a0<a href=\"http:\/\/www.abetiquettes.fr\">AB\u00e9tiquettes<\/a>\u00a0est sp\u00e9cialis\u00e9 dans l&rsquo;impression d&rsquo;\u00e9tiquettes techniques et de s\u00e9curit\u00e9.<\/p><\/div>\n<!-- \/module text -->\n\n\n    <!-- module accordion -->\n    <div  id=\"accordion-174-1-0-2\" class=\"module module-accordion accordion-174-1-0-2  \" data-behavior=\"toggle\">\n\n        \n        <ul class=\"ui module-accordion default   default\">\n                            <li >\n                    <div class=\"accordion-title\">\n                        <a href=\"#\">\n                                                                                    EN SAVOIR PLUS                        <\/a>\n                    <\/div>\n                    <div class=\"accordion-content clearfix  default-closed\">\n                        <p>Nos \u00e9tiquettes techniques ont chacune leurs sp\u00e9cificit\u00e9s : les \u00e9tiquettes <a href=\"http:\/\/abetiquettes.fr\/index.php\/2016\/04\/07\/flexsecure\/\">Flexsecure<\/a> et <a href=\"http:\/\/abetiquettes.fr\/index.php\/2016\/04\/12\/antivol-void\/\">VOID<\/a> laissent une marque sur le support si elles sont arrach\u00e9es, et deviennent impossibles a repositionner. Les \u00e9tiquettes <a href=\"http:\/\/abetiquettes.fr\/index.php\/2016\/03\/03\/etiquettes-antivol-destructible\/\">destructibles<\/a> se d\u00e9litent en confettis et sont impossible a d\u00e9tacher sans laisser de trace. les \u00e9tiquettes comportant une puce <a href=\"http:\/\/abetiquettes.fr\/index.php\/2016\/03\/03\/etiquettes-antivol-rfid\/\">RFID<\/a>, quand \u00e0 elles, peuvent alerter lors du d\u00e9placement frauduleux de vos produits, et peuvent contenir de nombreuses donn\u00e9es de tra\u00e7abilit\u00e9.\u00a0<\/p><p><a href=\"http:\/\/abetiquettes.fr\/\">Ab\u00e9tiquettes <\/a>vous accompagne pour concevoir \u00e0 vos cot\u00e9s les \u00e9tiquettes techniques qui correspondront parfaitement \u00e0 vos besoins et \u00e0 votre budget.<\/p><p>Nous\u00a0vous invitons \u00e9galement \u00e0 d\u00e9crire en d\u00e9tail votre projet gr\u00e2ce \u00e0 notre <a href=\"http:\/\/abetiquettes.fr\/index.php\/contact\/\">formulaire de devis d\u00e9taill\u00e9<\/a>, qui vous permettra de nous exposer votre projet selon vos besoins, afin que nous puissions vous \u00e9tablir un devis personnalis\u00e9 parfait pour vous.<\/p>                    <\/div>\n                <\/li>\n                    <\/ul>\n\n    <\/div>\n    <!-- \/module accordion -->\n\n                        <\/div>\n                    \t\t<\/div>\n\t\t<!-- \/.tb-column -->\n\t\t\n\t\t\n                                <\/div>\n                                <!-- \/row_inner -->\n                        <\/div>\n                        <!-- \/module_row -->\n\t\t<\/div>\n<!-- \/themify_builder_content -->","protected":false},"excerpt":{"rendered":"<p>Etiquettes techniques et \u00e9tiquettes de s\u00e9curit\u00e9<\/p>\n","protected":false},"author":1,"featured_media":0,"parent":0,"menu_order":4,"comment_status":"closed","ping_status":"closed","template":"","meta":[],"_links":{"self":[{"href":"https:\/\/abetiquettes.fr\/index.php\/wp-json\/wp\/v2\/pages\/174"}],"collection":[{"href":"https:\/\/abetiquettes.fr\/index.php\/wp-json\/wp\/v2\/pages"}],"about":[{"href":"https:\/\/abetiquettes.fr\/index.php\/wp-json\/wp\/v2\/types\/page"}],"author":[{"embeddable":true,"href":"https:\/\/abetiquettes.fr\/index.php\/wp-json\/wp\/v2\/users\/1"}],"replies":[{"embeddable":true,"href":"https:\/\/abetiquettes.fr\/index.php\/wp-json\/wp\/v2\/comments?post=174"}],"version-history":[{"count":10,"href":"https:\/\/abetiquettes.fr\/index.php\/wp-json\/wp\/v2\/pages\/174\/revisions"}],"predecessor-version":[{"id":429,"href":"https:\/\/abetiquettes.fr\/index.php\/wp-json\/wp\/v2\/pages\/174\/revisions\/429"}],"wp:attachment":[{"href":"https:\/\/abetiquettes.fr\/index.php\/wp-json\/wp\/v2\/media?parent=174"}],"curies":[{"name":"wp","href":"https:\/\/api.w.org\/{rel}","templated":true}]}}